2*q**2 + 113*q + 2240. What is r(72)?
8
Let p(i) = 15*i**2 - 229*i - 1131. Determine p(-4).
25
Let x(k) = k**2 - 64*k + 52. Calculate x(61).
-131
Let r(a) = -a**3 - 6*a**2 - 115*a - 665. What is r(-6)?
25
Let q(k) = -2*k**2 + 24*k - 29. What is q(8)?
35
Let a(h) = -h**2 + 176*h + 1095. What is a(-6)?
3
Let r(d) = -4*d**2 - 96*d - 246. Give r(-21).
6
Let v(g) = 7*g**2 - 472*g + 85. Give v(67).
-116
Let c(i) = 370*i - 381. Give c(1).
-11
Let k(x) = -x**3 - 57*x**2 + 122*x - 19. Give k(2).
-11
Let h(d) = 11*d**3 - 1096*d**2 + 1764*d + 2. Calculate h(98).
2
Let x(p) = -3*p**3 - 12*p**2 + 88*p - 58. What is x(-8)?
6
Let x(t) = 2*t + 145. Give x(-50).
45
Let m(k) = -66*k**2 - 195*k + 11. Determine m(-3).
2
Let h(y) = -y**2 - 22*y + 48. Calculate h(3).
-27
Let l(p) = -9*p**2 + 42*p + 65. Determine l(6).
-7
Let b(i) = -3*i**2 + 83*i - 590. Determine b(15).
-20
Let w(y) = y**2 - 215*y + 1273. Calculate w(6).
19
Let j(o) = 22*o - 402. Determine j(21).
60
Let u(g) = -4*g + 261. Determine u(40).
101
Let x(z) = 51*z - 2575. What is x(50)?
-25
Let z(n) = -264*n**3 - n**2 + n. Determine z(1).
-264
Let q(b) = -82*b + 3286. Determine q(40).
6
Let a(x) = 5*x**2 + 28*x - 22. What is a(-9)?
131
Let q(w) = 2*w**2 - 38*w - 140. Calculate q(22).
-8
Let v(s) = 52*s - 198. What is v(4)?
10
Let r(c) = 11*c + 143. Calculate r(32).
495
Let p(o) = -2134*o - 23477. Calculate p(-11).
-3
Let k(x) = 222*x**2 + 59*x - 58. Determine k(1).
223
Let o(p) = -p**3 - 9*p**2 + 21*p - 14. What is o(-10)?
-124
Let q(h) = 2*h**3 + 25*h**2 + 12*h + 309. Calculate q(-13).
-16
Let m(q) = 2*q**3 - 13*q**2 - 17*q + 117. What is m(3)?
3
Let b(d) = -d**2 - 715*d - 4956. What is b(-7)?
0
Let x(j) = -j**3 + 7*j**2 - 208*j + 1509. What is x(7)?
53
Let o(i) = -11*i**2 - 24*i + 77. Determine o(-4).
-3
Let s(l) = l**2 + 47*l - 47. Calculate s(-47).
-47
Let r(t) = t**3 - 10*t**2 - 20*t + 69. Determine r(12).
117
Let w(u) = 2*u**3 - 31*u**2 - 4*u - 34. What is w(16)?
158
Let i(j) = -3266*j + 32660. Determine i(10).
0
Let l(r) = 19*r**2 + 4*r - 15. Determine l(4).
305
Let h(q) = 40*q - 213. Calculate h(5).
-13
Let b(u) = u**2 - 79*u + 699. Give b(10).
9
Let y(u) = -61*u - 900. What is y(-15)?
15
Let a(l) = -26*l + 208. Give a(8).
0
Let z(d) = 18*d**3 + 4*d**2 - 35*d - 109. Calculate z(-3).
-454
Let n(x) = -5*x - 38. Determine n(-20).
62
Let z(b) = 86*b + 359. What is z(-4)?
15
Let q(v) = -v**3 + 13*v**2 + 24*v - 18. Determine q(14).
122
Let j(q) = 42*q - 334. Determine j(7).
-40
Let f(c) = 904*c + 15274. Give f(-17).
-94
Let t(o) = 17*o + 266. Calculate t(-15).
11
Let w(d) = 111*d**2 - 5329*d + 67. What is w(48)?
19
Let j(v) = -4*v**2 + 379*v - 6311. What is j(73)?
40
Let s(g) = -g**3 - 1147*g**2 - 33510*g + 7. Determine s(-30).
7
Let s(p) = 5*p**2 + 302*p + 126. Determine s(-60).
6
Let m(y) = y**3 + y**2 - 37*y - 1. Give m(-6).
41
Let z(i) = -2*i**2 - 68*i - 167. What is z(-31)?
19
Let f(b) = -6*b**2 - 46*b + 86. Give f(-11).
-134
Let c(w) = 193*w - 1744. Give c(9).
-7
Let w(f) = -271*f + 5677. What is w(21)?
-14
Let k(w) = -33*w**2 - 10432*w - 1269. Calculate k(-316).
-5
Let r(s) = s**3 - 11*s**2 - 6*s + 22. Calculate r(9).
-194
Let u(f) = 1626*f + 11511. Calculate u(-7).
129
Let p(y) = -1352*y - 17572. Give p(-13).
4
Let j(g) = -g**3 + 5*g**2 - 157*g + 794. Determine j(5).
9
Let t(d) = 2*d**2 - 99*d + 1221. Determine t(24).
-3
Let i(l) = -4*l**2 - 61*l + 68. Determine i(-17).
-51
Let w(j) = 66*j**2 + 590*j - 31. Calculate w(-9).
5
Let p(r) = 5*r**2 - 74*r + 37. Calculate p(8).
-235
Let s(v) = -17*v**2 + 73*v - 25. Determine s(4).
-5
Let s(d) = -2*d**2 + 213*d + 1835. Calculate s(-8).
3
Let s(b) = -b**3 + 28*b**2 + 60*b - 19. What is s(30)?
-19
Let w(d) = 2*d**3 - 39*d**2 + 23*d + 52. Determine w(19).
128
Let i(p) = 2*p + 113. What is i(-19)?
75
Let k(l) = 959*l - 5739. Give k(6).
15
Let g(s) = -s**2 - 81*s - 880. Determine g(-67).
58
Let b(u) = -372*u - 1933. What is b(-5)?
-73
Let o(a) = -2*a**3 - 111*a**2 + 56*a - 137. What is o(-56)?
-137
Let v(u) = u**3 + u**2 - 80*u + 222. Determine v(6).
-6
Let w(x) = x**2 + 84*x + 603. Give w(-8).
-5
Let q(z) = -z**3 - 3*z**2 + 11*z + 4. Calculate q(-5).
-1
Let g(u) = -1948*u + 325319. Calculate g(167).
3
Let r(h) = 14*h**2 + 232*h - 94. Give r(-17).
8
Let h(t) = 8*t**2 + 180*t. Calculate h(-23).
92
Let s(m) = 174*m + 3. Give s(-2).
-345
Let x(a) = 11*a**2 + 6*a - 50. What is x(8)?
702
Let p(s) = -7*s**2 - 604*s + 4247. Calculate p(7).
-324
Let d(i) = i**3 - 3*i**2 - 71*i - 185. Determine d(11).
2
Let j(h) = 130*h**3 - h**2. Calculate j(1).
129
Let h(a) = -a**2 - 22*a - 46. What is h(-20)?
-6
Let x(b) = -38*b + 3149. Determine x(83).
-5
Let f(n) = -9*n - 67. What is f(-9)?
14
Let m(x) = x**3 - 9*x**2 + 35*x - 101. Give m(6).
1
Let m(x) = 2*x**2 + 253*x + 1006. What is m(-4)?
26
Let d(y) = y**3 + 93*y**2 + 199*y + 27550. Determine d(-94).
8
Let h(j) = 4*j - 72. What is h(-30)?
-192
Let q(h) = 14*h**2 - 257*h - 168. Determine q(19).
3
Let d(y) = -y**3 - 160*y**2 - 2176*y - 156. Give d(-145).
-11
Let q(x) = 2*x**2 - 240*x + 1628. Determine q(113).
46
Let c(l) = l**3 + 5*l**2 - 14*l + 16. Determine c(-5).
86
Let z(y) = -6*y**2 - 193*y + 606. What is z(-35)?
11
Let s(q) = 120*q**3 + q**2 + 11*q + 10. Determine s(-1).
-120
Let v(w) = -2*w**3 - 121*w**2 + 191*w + 313. Give v(-62).
3
Let g(s) = s**2 + 168*s + 3782. Determine g(-141).
-25
Let h(c) = -14*c**3 + 42*c**2 + 24*c - 83. Give h(3).
-11
Let x(h) = 4*h**3 - 108*h**2 - 114*h + 67. Give x(28).
11
Let b(u) = 5*u**2 + 784*u - 921. Calculate b(-158).
27
Let c(l) = -44*l + 97. Determine c(2).
9
Let d(r) = 2*r**3 + 11*r**2 - 76*r - 418. Calculate d(-6).
2
Let x(f) = -2*f**2 - 418*f + 2081. Determine x(5).
-59
Let c(s) = -7*s**3 - 34*s**2 - 38*s - 223. Determine c(-5).
-8
Let k(g) = 143*g - 863. Calculate k(6).
-5
Let b(n) = n**3 - 3*n**2 + 2038*n - 6125. Determine b(3).
-11
Let a(g) = 2*g**2 - 160*g + 2559. Calculate a(58).
7
Let y(v) = -2*v**2 - 18*v - 14. Determine y(-12).
-86
Let m(a) = -8*a**3 + 132*a - 131. Calculate m(1).
-7
Let i(f) = -f**2 + 213*f - 5346. Calculate i(29).
-10
Let t(v) = 47*v**2 - 704*v - 7. What is t(15)?
8
Let f(h) = -h**3 + 11*h**2 + 32*h + 17. Determine f(13).
95
Let h(t) = -27*t**2 + 6*t + 12. Give h(-2).
-108
Let q(u) = -4*u**2 - 230*u - 3038. Give q(-21).
28
Let l(a) = -2*a**2 - 54*a - 11. What is l(-26)?
41
Let z(i) = 74*i + 1886. Give z(-26).
-38
Let x(s) = 39926*s + 239548. What is x(-6)?
-8
Let d(l) = 2*l**2 + 161*l + 3239. Calculate d(-41).
0
Let y(k) = 351*k - 54061. Calculate y(154).
-7
Let k(p) = p**3 + 2*p**2 - 128*p - 481. What is k(-4)?
-1
Let h(y) = -y**3 - y**2 + 924*y - 6082. Calculate h(7).
-6
Let u(c) = -260*c - 2598. Calculate u(-10).
2
Let p(q) = -2437*q - 2437. Determine p(-1).
0
Let z(s) = -20*s**2 + 241*s - 85. Give z(12).
-73
Let s(v) = 5*v**2 - 32*v. What is s(6)?
-12
Let k(n) = -n**3 - 14*n**2 - 95*n - 836. What is k(-12)?
16
Let r(t) = -2*t - 33. What is r(-15)?
-3
Let t(s) = s**3 - 6*s**2 - 338*s + 2307. Give t(7).
-10
Let a(n) = n**3 + 11*n**2 + 45*n + 233. Calculate a(-9).
-10
Let j(y) = -7840*y - 54884. Determine j(-7).
-4
Let j(d) = 2*d**3 + 60*d**2 + 110*d - 57. Calculate j(-28).
-1
Let b(x) = -2*x**3 - 149*x**2 + 540*x - 468. Determine b(-78).
0
Let i(f) = 35*f + 670. Give i(-19).
5
Let g(o) = o**2 - 10*o + 66. What is g(8)?
50
Let v(o) = 2*o**2 + 42*o + 192. Calculate v(-14).
-4
Let y(t) = 48*t + 1347. Determine y(-19).
435
Let b(i) = 2*i**3 + 14*i**2 - 2*i - 42. What is b(-7)?
-28
Let t(c) = -37*c**2 - 737*c + 49. Give t(-20).
-11
Let n(w) = 12*w**3 + 5*w + 31. Determine n(-3).
-308
Let v(u) = -134*u + 1337. Determine v(10).
-3
Let d(b) = -4*b**2 + 16*b + 992. Calculate d(-14).
-16
Let x(n) = 4*n - 414. Calculate x(21).
-330
Let r(h) = h**2 - 799*h + 3940. What is r(5)?
-30
Let q(m) = -5*m**2 + 4*m - 71. Determine q(12).
-743
Let p(m) = 4*m**3 + 21*m**2 + 5. Determine p(0).
5
Let g(w) = -2*w**3 + 380*w**2 - 373*w - 1042. Calculate g(189).
-97
Let b(f) = 8*f**2 - 298*f - 2393. Give b(44).
-17
Let d(h) = 73*h - 2336. Determine d(32).
0
Let p(k) = k**3 - 18*k**2 - 492*k - 93. Give p(33).
6
Let o(m) = -6*m**3 + 81*m**2 - 166*m + 32. Determine o(11).
21
Let k(l) = -l**3 - 13*l**2 - 31*l - 21. Give k(-10).
-11
Let a(u) = -2*u**3 + 42*u**2 - 185*u + 90. Wh